of 5218?
2, 2609
List the prime factors of 5373.
3, 199
List the prime factors of 1060.
2, 5, 53
List the prime factors of 104294.
2, 52147
What are the prime factors of 5390?
2, 5, 7, 11
What are the prime factors of 13897?
13, 1069
List the prime factors of 3321.
3, 41
List the prime factors of 22422.
2, 3, 37, 101
What are the prime factors of 1676?
2, 419
What are the prime factors of 1344?
2, 3, 7
What are the prime factors of 1221?
3, 11, 37
List the prime factors of 507.
3, 13
What are the prime factors of 24078?
2, 3, 4013
List the prime factors of 113011.
113011
List the prime factors of 3106.
2, 1553
List the prime factors of 3618.
2, 3, 67
List the prime factors of 5980.
2, 5, 13, 23
What are the prime factors of 561?
3, 11, 17
What are the prime factors of 1207?
17, 71
What are the prime factors of 14659?
107, 137
List the prime factors of 28151.
28151
List the prime factors of 5542.
2, 17, 163
List the prime factors of 2657.
2657
List the prime factors of 41099.
73, 563
List the prime factors of 533.
13, 41
What are the prime factors of 74?
2, 37
List the prime factors of 26001.
3, 107
What are the prime factors of 784?
2, 7
List the prime factors of 26619.
3, 19, 467
What are the prime factors of 15949?
41, 389
List the prime factors of 1985.
5, 397
What are the prime factors of 1921?
17, 113
List the prime factors of 3315.
3, 5, 13, 17
What are the prime factors of 663?
3, 13, 17
List the prime factors of 28535.
5, 13, 439
List the prime factors of 40313.
7, 13, 443
What are the prime factors of 880?
2, 5, 11
List the prime factors of 15372.
2, 3, 7, 61
What are the prime factors of 4567?
4567
What are the prime factors of 22499?
149, 151
List the prime factors of 64066.
2, 103, 311
List the prime factors of 7100.
2, 5, 71
List the prime factors of 1378.
2, 13, 53
List the prime factors of 16275.
3, 5, 7, 31
List the prime factors of 1708.
2, 7, 61
What are the prime factors of 101973?
3, 19, 1789
What are the prime factors of 617?
617
List the prime factors of 8446.
2, 41, 103
What are the prime factors of 7822?
2, 3911
List the prime factors of 174.
2, 3, 29
What are the prime factors of 96513?
3, 53, 607
What are the prime factors of 11504?
2, 719
What are the prime factors of 3041?
3041
List the prime factors of 2592.
2, 3
What are the prime factors of 4031?
29, 139
What are the prime factors of 14021?
7, 2003
List the prime factors of 4868.
2, 1217
What are the prime factors of 733?
733
List the prime factors of 39.
3, 13
List the prime factors of 20.
2, 5
List the prime factors of 85141.
7, 12163
List the prime factors of 301.
7, 43
List the prime factors of 4693.
13, 19
List the prime factors of 14317.
103, 139
What are the prime factors of 9296?
2, 7, 83
What are the prime factors of 1079?
13, 83
What are the prime factors of 10059?
3, 7, 479
What are the prime factors of 887?
887
List the prime factors of 1234.
2, 617
What are the prime factors of 4516?
2, 1129
List the prime factors of 33081.
3, 11027
List the prime factors of 4183.
47, 89
List the prime factors of 310.
2, 5, 31
List the prime factors of 45.
3, 5
What are the prime factors of 3871?
7, 79
What are the prime factors of 11448?
2, 3, 53
List the prime factors of 653.
653
List the prime factors of 4999.
4999
What are the prime factors of 51645?
3, 5, 11, 313
List the prime factors of 380.
2, 5, 19
List the prime factors of 845.
5, 13
List the prime factors of 429.
3, 11, 13
List the prime factors of 6301.
6301
List the prime factors of 2170.
2, 5, 7, 31
What are the prime factors of 318?
2, 3, 53
List the prime factors of 16521.
3, 5507
List the prime factors of 828.
2, 3, 23
What are the prime factors of 1790?
2, 5, 179
What are the prime factors of 99323?
7, 2027
What are the prime factors of 803?
11, 73
What are the prime factors of 864?
2, 3
What are the prime factors of 30710?
2, 5, 37, 83
What are the prime factors of 1462?
2, 17, 43
List the prime factors of 56401.
56401
List the prime factors of 6631.
19, 349
What are the prime factors of 3393?
3, 13, 29
List the prime factors of 5602.
2, 2801
List the prime factors of 2305.
5, 461
List the prime factors of 10959.
3, 13, 281
List the prime factors of 872.
2, 109
What are the prime factors of 71621?
11, 17, 383
List the prime factors of 111560.
2, 5, 2789
List the prime factors of 75786.
2, 3, 17, 743
List the prime factors of 4266.
2, 3, 79
List the prime factors of 6552.
2, 3, 7, 13
What are the prime factors of 13540?
2, 5, 677
What are the prime factors of 23554?
2, 11777
What are the prime factors of 5860?
2, 5, 293
What are the prime factors of 80983?
7, 23, 503
List the prime factors of 2286.
2, 3, 127
What are the prime factors of 9995?
5, 1999
What are the prime factors of 1433?
1433
List the prime factors of 11822.
2, 23, 257
What are the prime factors of 82647?
3, 3061
What are the prime factors of 9871?
9871
What are the prime factors of 26231?
17, 1543
What are the prime factors of 26549?
139, 191
List the prime factors of 1865.
5, 373
What are the prime factors of 275?
5, 11
List the prime factors of 3748.
2, 937
List the prime factors of 847.
7, 11
What are the prime factors of 877?
877
What are the prime factors of 8519?
7, 1217
List the prime factors of 41897.
41897
What are the prime factors of 15338?
2, 7669
List the prime factors of 212.
2, 53
What are the prime factors of 39330?
2, 3, 5, 19, 23
List the prime factors of 615.
3, 5, 41
List the prime factors of 8330.
2, 5, 7, 17
What are the prime factors of 9830?
2, 5, 983
What are the prime factors of 1638?
2, 3, 7, 13
List the prime factors of 1227.
3, 409
What are the prime factors of 2699?
2699
List the prime factors of 1793.
11, 163
List the prime factors of 13862.
2, 29, 239
What are the prime factors of 1406?
2, 19, 37
List the prime factors of 17607.
3, 5869
List the prime factors of 1991.
11, 181
What are the prime factors of 3522?
2, 3, 587
List the prime factors of 33.
3, 11
List the prime factors of 7702.
2, 3851
What are the prime factors of 43923?
3, 11
List the prime factors of 7797.
3, 23, 113
List the prime factors of 826.
2, 7, 59
List the prime factors of 14865.
3, 5, 991
List the prime factors of 261.
3, 29
What are the prime factors of 55197?
3, 6133
What are the prime factors of 744?
2, 3, 31
List the prime factors of 74669.
7, 10667
What are the prime factors of 3481?
59
What are the prime factors of 1718?
2, 859
What are the prime factors of 2743?
13, 211
What are the prime factors of 14081?
14081
List the prime factors of 643.
643
List the prime factors of 1356.
2, 3, 113
What are the prime factors of 1983?
3, 661
List the prime factors of 218.
2, 109
What are the prime factors of 35210?
2, 5, 7, 503
What are the prime factors of 1141?
7, 163
List the prime factors of 752.
2, 47
List the prime factors of 5307.
3, 29, 61
What are the prime factors of 72470?
2, 5, 7247
List the prime factors of 83437.
83437
What are the prime factors of 3576?
2, 3, 149
List the prime factors of 22200.
2, 3, 5, 37
List the prime factors of 578.
2, 17
What are the prime factors of 1478?
2, 739
What are the prime factors of 2639?
7, 13, 29
List the prime factors of 115.
5, 23
List the prime factors of 21276.
2, 3, 197
What are the prime factors of 3280?
2, 5, 41
List the prime factors of 551.
19, 29
What are the prime factors of 9446?
2, 4723
What are the prime factors of 62923?
7, 89, 101
List the prime factors of 13282.
2, 29, 229
What are the prime factors of 2609?
2609
What are the prime factors of 139978?
2, 17, 23, 179
What are the prime factors of 1165?
5, 233
List the prime factors of 6208.
2, 97
What are the prime factors of 44265?
3, 5, 13, 227
What are the prime factors of 12452?
2, 11, 283
List the prime factors of 15269.
15269
List the prime factors of 12804.
2, 3, 11, 97
What are the prime factors of 2088?
2, 3, 29
What are the prime factors of 1530?
2, 3, 5, 17
List the prime factors of 1859.
11, 13
What are the prime factors of 12446?
2, 7, 127
List the prime factors of 2823.
3, 941
List the prime factors of 33.
3, 11
List the prime factors of 30231.
3, 3359
What are the prime factors of 834?
2, 3, 139
List the prime factors of 1121.
19, 59
What are the prime factors of 55471?
13, 17, 251
List the prime fac